 2*b + b - 87 = 0. Let y = -13 + b. What are the prime factors of y?
2
Let s(l) = -l**2 - 12*l + 5. Let z(j) = j**2 + 13*j - 4. Suppose -5*v = -22 + 7, 4*a - 31 = -5*v. Let w(h) = a*z(h) + 5*s(h). List the prime factors of w(-7).
2
Let s(i) = -i**2 + 3. Let j be s(0). Suppose o + 42 = j*g, o + 56 = g + 3*g. Suppose -4*u = 3*f - g - 27, 50 = 4*f + 3*u. What are the prime factors of f?
11
Suppose -n + 76 = -4*z + 3*z, 226 = -3*z + n. Let o = -52 - z. List the prime factors of o.
23
Let n = 5 - 0. What are the prime factors of n?
5
Let o(q) = 28*q**2 - q + 1. Let b be -2 + 4 + -5 + 4. Let j be o(b). List the prime factors of 2/(2/j*2).
2, 7
Suppose -l - 3 = 0, -5*l + 13 = 4*p - 0*l. Suppose -3*k + 4*w - 3 = 4, p = 5*k - 2*w. Suppose 2*j = -k*j + 20. What are the prime factors of j?
2
Let s = -3 + 8. Suppose -32 - 23 = -s*r. Let g = r + 2. List the prime factors of g.
13
Suppose 731 = 3*g + 2*v - 6*v, -4*g - 4*v = -928. List the prime factors of g.
3, 79
Suppose 0 = 5*y - 57 - 63. Let t(u) = u**3 + u**2 + u + 4. Let c be t(-3). Let z = y + c. What are the prime factors of z?
7
Suppose 4 = 9*u - 10*u. Suppose 4*b = 3*f - 17, b + b + 14 = 2*f. Let s = u + f. What are the prime factors of s?
7
Let x = -10 + 10. Let f be (2 - x)*(-5)/(-10). Suppose -2*t = 5*a - 29 + f, 5*t + 4*a = 87. What are the prime factors of t?
19
Let y(r) = -r**2 - 2*r - 1. Let g be y(-1). Let l = 11 + g. List the prime factors of l.
11
Let j(a) = a**3 - 9*a**2 + 12*a - 16. List the prime factors of j(8).
2
Suppose -m - 2*t = -6, -m - 4*m + 5*t = -75. Suppose 0 = g - 2*g + m. What are the prime factors of g?
2, 3
Let s = -3 + 5. Let z be (-5)/3 - s/(-3). List the prime factors of z*4*6/(-3).
2
Let a be (-24)/(-5) - 3/(-15). Suppose 3*r + 0*l = -l + 13, a*l + 1 = -4*r. Suppose -3*c - r = -5*c. List the prime factors of c.
3
Let d = 7 + -4. List the prime factors of (-14)/(1 - 0 - d).
7
Let j(v) be the second derivative of 2*v**4/3 + v**3/6 + v**2/2 - 2*v. Let r(c) = -c**2 + 3*c - 1. Let u be r(3). What are the prime factors of j(u)?
2
Let w(g) be the first derivative of g**3/3 + g**2 + 20. Let h = -13 + 9. What are the prime factors of w(h)?
2
Let j = 0 - -2. Suppose -j*y + 120 = 3*y. Suppose -5*p = -79 + y. What are the prime factors of p?
11
Let t(o) = o**3 + 7*o**2 - 2*o - 8. Let l(y) = y**3 + 1. Let k be l(-2). List the prime factors of t(k).
2, 3
Let i(x) = 3*x**3 + x**2 - 20*x + 3. Let h(l) = -2*l**3 - l**2 + 13*l - 2. Let m(k) = -8*h(k) - 5*i(k). List the prime factors of m(-3).
13
Suppose 25 + 35 = 5*n. Let o(l) = -2*l + 4. Let z be o(3). List the prime factors of (n/(-15))/(z/5).
2
Let r(p) = -p + 1. Let o be r(-1). Let g be (2 + (-2 - -2))*o. Suppose 9 + 3 = g*b. List the prime factors of b.
3
List the prime factors of -50*-1*8/20.
2, 5
Let p(l) = -l**2 - 3*l - 1. Let b be p(-4). Let g(y) = -y**3 + y**2 + y - 10. Let k be g(0). Let r = b - k. List the prime factors of r.
5
Suppose 0 = w - 12 + 6. What are the prime factors of w?
2, 3
Suppose -3*g + 0*g + 3*h = 0, 0 = -3*g - 2*h. Suppose l - c - 11 = -g*c, -5*l + 15 = 5*c. List the prime factors of l.
7
Let f(a) = a - 5. Let c be f(8). Let m be ((-66)/(-9) + 2)*c. Suppose u + 3*u + s - 44 = 0, 0 = 4*u - 3*s - m. What are the prime factors of u?
2, 5
Let v = 245 - 13. What are the prime factors of v?
2, 29
Let u(l) be the first derivative of 5*l**3/3 - l**2 - l + 8. Suppose -2*p = -4 + 6. What are the prime factors of u(p)?
2, 3
Let g = -88 + 43. Let d be g/6*4/(-6). Suppose -2*t + d + 9 = 0. List the prime factors of t.
7
Let w = -34 - -49. What are the prime factors of w?
3, 5
Let g = 1 - -1. Suppose -u - 37 = -i, 2*i + 42 = -u + 116. Suppose 5*s - g*v = v + 29, v - i = -5*s. What are the prime factors of s?
7
Suppose -9 - 9 = -f. Let a = f - 28. What are the prime factors of ((-36)/a)/((-6)/(-15))?
3
Suppose 2*n + 2*t + 44 = -3*t, 3*n = -2*t - 44. Let c be (-18)/n*(-4)/6. What are the prime factors of 14*1 - c/(-1)?
13
Suppose 4*s + i = -2*i + 46, i - 11 = -s. Suppose 2*b - 39 = s. What are the prime factors of b?
2, 13
Let l = 103 - 38. What are the prime factors of l?
5, 13
Suppose y + 31 = v, 77 = -3*v + 5*v + y. Let p = v - 23. List the prime factors of p.
13
Suppose 6*w - 23 - 103 = 0. List the prime factors of w.
3, 7
Suppose -4*q = -12*q + 504. List the prime factors of q.
3, 7
Suppose 0 = -z + 4*j - 4, 0 = -3*z + 2*j + j + 6. Let f(n) = 6*n - 3. What are the prime factors of f(z)?
3, 7
What are the prime factors of 1/2 - (-62)/4?
2
Let w(t) = 4 - 5 - 3 - 7 + 3*t. List the prime factors of w(9).
2
Suppose -96 = -4*b + 5*n, -5*n + 0*n = -20. Suppose -2*g - b = -107. List the prime factors of g.
3, 13
Let s(n) be the second derivative of n**3/6 - n**2/2 + n. Let f be s(3). Suppose -16 - 2 = -f*c. List the prime factors of c.
3
Let r = 501 + -280. What are the prime factors of r?
13, 17
Let b(n) = -n**2 - 4*n. Let l be b(-2). List the prime factors of (-504)/(-40) - l/(-10).
13
Let m = -4 + 0. Let y be (-1 + 7)*(-2)/m. Let w = y + 4. List the prime factors of w.
7
Suppose p - 520 = -4*p. List the prime factors of p.
2, 13
Let o(h) = -h**3 - 2*h**2 - h - 2. Let n be o(0). Let k(y) = y**3 + 4*y**2 - 1. List the prime factors of k(n).
7
Suppose 4*j + 2*u = 20, 2*j - 10 = 2*u + 3*u. Let c = 9 - j. List the prime factors of c.
2
Let t(o) = -o**2 + 8*o + 7. Let j be t(5). Let m = -12 + j. Suppose -1 = -a + m. List the prime factors of a.
11
Let i = -4 + 5. Suppose -t - i = -32. Let d = -20 + t. List the prime factors of d.
11
List the prime factors of (-8)/3*(187/(-4) - 5).
2, 3, 23
Let y = -330 - -494. List the prime factors of y.
2, 41
Let b(d) = -37*d + 7. What are the prime factors of b(-4)?
5, 31
Let u be ((-183)/6 - -1)*2. Let o = -35 - u. What are the prime factors of o?
2, 3
Suppose -m = -3*b + 5, -7*m + 2*m - 5*b = -15. Suppose 5*q = 21 - m. What are the prime factors of q?
2
Let o = 9 - 9. Let u = 6 + o. List the prime factors of u.
2, 3
Suppose -d + 1 = -7. Let t = 12 - d. What are the prime factors of t?
2
Let a(h) = 7*h. Let d be a(-1). Let w(v) = -v - 1. List the prime factors of w(d).
2, 3
Let m(a) = 2*a**2 - 19*a + 15. List the prime factors of m(14).
3, 47
Let f(u) = u**2 + u + 1. Let y(d) = -d**2 - d + 5. Let x be y(0). Let w(s) = -4*s**2 + 5*s - 1. Let o(h) = x*f(h) + w(h). What are the prime factors of o(-11)?
3, 5
Let j = 3 - -5. List the prime factors of j.
2
Let i(q) be the second derivative of -q**3/6 + 5*q. Let p(l) = -l**3 - 6*l**2 - 3*l + 4. Let b be p(-5). What are the prime factors of i(b)?
2, 3
Suppose -5*u + 698 = 583. List the prime factors of u.
23
Let l(u) = 4*u + 16. What are the prime factors of l(11)?
2, 3, 5
Suppose 0*m = 2*b - 2*m + 2, -7 = 3*b - m. Let t(c) = 13*c + 15. Let g(h) = 6*h + 7. Let s(u) = -9*g(u) + 4*t(u). What are the prime factors of s(b)?
3
Let p(v) = -v**2 + 8*v + 6. List the prime factors of p(5).
3, 7
Suppose -5*z - w - 1 = 0, 3*w + 2*w = -5. Suppose z = 3*v - 4*v + 4. What are the prime factors of v?
2
Let q(g) = -g**2 - 8*g - 3. Let h be q(-7). Suppose y + 0*y - h*x - 8 = 0, 2*y - 5*x = 19. Let v = 21 - y. What are the prime factors of v?
3
Let n(x) = 7*x**2 - x - 2. Let t be 2 + (0/2)/(-2). Let j be n(t). Suppose 0 = q - 2*q - 4*o + 16, 2*q + 4*o - j = 0. List the prime factors of q.
2
Suppose 3*n + 0*n = 0, 5*o + n = -5. List the prime factors of (o - 6/(-2))*2.
2
Suppose 3*h - 7 = -4*y, 3*h = -0*h - 9. Let j(v) = v**3 - 3*v**2 - v + 1. What are the prime factors of j(y)?
13
Let q(g) = g**2 + 6*g. Let b be q(-6). Suppose 2*f + 2*f + 4 = b. List the prime factors of 17/2 + f/2.
2
Let i = -10 - -8. Suppose 5*a - 3*n = -6*n + 11, -n + 4 = 2*a. Let u = a - i. List the prime factors of u.
3
Suppose s - 4*a + 5 = -29, -4*s = a + 119. Let t = -5 - s. What are the prime factors of t?
5
Let k = 72 - 49. What are the prime factors of k?
23
Let j(s) = -s**3 + 8*s**2 - 7*s - 4. Let f be j(7). What are the prime factors of (0/3 - f) + -1?
3
Suppose q = 5*q - 1296. What are the prime factors of (-6)/(-15) + q/15?
2, 11
Let i be 12*(3/6 - -2). Suppose 2*o - i = -5*x, o + 5*x + 0*x = 20. List the prime factors of o.
2, 5
Let y(g) be the third derivative of g**6/120 - g**5/12 - 5*g**4/24 - 2*g**3/3 - 4*g**2. Let c be y(6). What are the prime factors of c/4 - (-12)/8?
2
S